Let b(y) = -y**3 - 15*y**2 - 17*y - 40. Determine b(-14).
2
Let f(y) = y**2 - 21*y + 3. Calculate f(21).
3
Let g(r) = 7*r + 7. What is g(6)?
49
Let t(f) = 3*f**2 - 14*f - 3. What is t(6)?
21
Let f(o) = o**3 - 2*o**2 - 34*o - 1. Give f(7).
6
Let x(n) = n**2 - n - 3. Determine x(-2).
3
Let b(p) = -9*p + 2. Give b(3).
-25
Let d(z) = -9*z + 141. What is d(15)?
6
Let r(a) = a**3 + 8*a**2 + 5*a - 8. Give r(-7).
6
Let o(q) = q**3 + 10*q**2 + 2*q + 8. What is o(-10)?
-12
Let b(w) = 2*w**2 + 17*w - 94. Give b(5).
41
Let b(t) = t**2 - 8. Calculate b(0).
-8
Let i(m) = -29*m - 499. What is i(-17)?
-6
Let f(g) = g**3 + 9*g**2 + 10*g - 3. Determine f(-7).
25
Let x(c) = -c**2 - 25*c + 37. What is x(-25)?
37
Let r(k) = -k**2 - 4*k + 2. Give r(-4).
2
Let y(l) = l**2 - 8*l - 36. Calculate y(-6).
48
Let j(h) = -h + 9. Determine j(12).
-3
Let c(d) = d**3 + 4*d**2 - 6*d - 4. What is c(-4)?
20
Let x(z) = 6*z + 13. Determine x(-10).
-47
Let k(n) = -n**2 + 2*n + 40. Give k(8).
-8
Let u(h) = -27*h + 106. What is u(4)?
-2
Let b(n) = -n**3 - 7*n**2 + 11*n + 6. What is b(-7)?
-71
Let j(t) = -t**2 + 8*t - 5. Give j(5).
10
Let r(v) = 5*v**2 - 2*v - 3. Calculate r(-1).
4
Let d(b) = 4*b - 6. Give d(-4).
-22
Let r(s) = 26*s**3 + s**2. Calculate r(1).
27
Let x(m) = -m**3 - 7*m**2 - 10*m - 8. Give x(-6).
16
Let y(l) = -l**3 - 3*l**2 + 5*l + 4. What is y(-4)?
0
Let y(h) = -11*h - 4. Calculate y(1).
-15
Let f(n) = 2*n**3 - 2*n**2 + 4. Give f(-2).
-20
Let j(t) = -13*t - 60. Calculate j(-11).
83
Let x(w) = -w**3 + 7*w**2 + 19*w - 89. What is x(8)?
-1
Let w(l) = -l**3 - 22*l**2 - 22*l - 19. What is w(-21)?
2
Let a(q) = 5*q + 11. Give a(-7).
-24
Let j(k) = -k**2 - 9*k - 10. What is j(-6)?
8
Let n(m) = -m**2 + m. Determine n(0).
0
Let g(d) = -7*d**2 + 24*d + 2. Calculate g(4).
-14
Let g(b) = 2*b - 9. Give g(5).
1
Let x(f) = f**3 - 13*f**2 + 19*f - 33. Calculate x(12).
51
Let g(w) = 2*w + 24. Calculate g(-9).
6
Let y(o) = 11*o + 149. Calculate y(-15).
-16
Let n(d) = -12*d + 48. What is n(8)?
-48
Let r(z) = -z**2 - 9*z - 1. What is r(-4)?
19
Let k(u) = -u**2 - 22*u - 49. Calculate k(-19).
8
Let w(v) = 2*v**2 + 9*v - 23. Give w(-6).
-5
Let q(u) = -u**3 + 7*u**2 - 4*u + 27. Give q(7).
-1
Let x(k) = k**2 - 17*k - 9. Determine x(18).
9
Let f(i) = -i**3 + 7*i**2 - i + 5. What is f(7)?
-2
Let o(m) = -8*m. Determine o(-4).
32
Let p(b) = b**2 - 5*b - 8. Give p(4).
-12
Let k(v) = -2*v - 76. Calculate k(-18).
-40
Let n(s) = -s**3 + 12*s**2 - s + 10. Give n(12).
-2
Let h(n) = -4*n**2 + 37*n - 13. Give h(9).
-4
Let c(n) = -2*n**2 + 3*n - 3. Determine c(2).
-5
Let m(s) = s**3 + 10*s**2 - 40*s - 19. Determine m(-13).
-6
Let r(n) = -n**2 + 15*n - 59. What is r(10)?
-9
Let p(k) = 39*k + 23. What is p(-5)?
-172
Let b(o) = o**2 + 6*o + 7. What is b(-2)?
-1
Let m(i) = -i**2 + 34*i + 68. Determine m(36).
-4
Let g(d) = 17*d. Give g(1).
17
Let u(z) = z**2 + 6*z - 3. What is u(-8)?
13
Let z(r) = 3*r**2 - 21*r - 26. Determine z(9).
28
Let d(c) = -6*c - 47. Determine d(11).
-113
Let u(j) = -j**3 + 4*j**2 + 5*j - 9. Determine u(5).
-9
Let d(c) = c**2 - 7*c - 3. Calculate d(8).
5
Let y(h) = -h**2 + 6*h + 21. Give y(17).
-166
Let r(d) = -d**3 + d**2 - 2*d - 91. Calculate r(0).
-91
Let g(v) = 3*v**2 - 9*v + 6. Give g(3).
6
Let a(x) = x**3 - 11*x**2 + 2*x. Calculate a(11).
22
Let z(t) = t**2 + 17*t + 9. What is z(-17)?
9
Let j(f) = -f**2 + 3*f + 5. Calculate j(-6).
-49
Let w(m) = m**2 + m - 4. Give w(0).
-4
Let s(g) = -g + 9. Give s(3).
6
Let i(j) = 3*j**2 + 4*j + 2. What is i(-4)?
34
Let c(l) = l**3 - 45*l**2 - 82*l - 566. Give c(47).
-2
Let x(y) = 8*y**2 - 3*y. Calculate x(1).
5
Let a(q) = -q**2 - 14*q - 16. Calculate a(-12).
8
Let q(p) = -7*p**2 - 77*p + 9. Give q(-11).
9
Let p(j) = -17*j + 1. Calculate p(2).
-33
Let b(w) = -w + 15. Determine b(7).
8
Let g(r) = -r**2 + 7*r - 6. Calculate g(9).
-24
Let q(v) = 2*v**3 + 3*v**2 + 4*v + 1. What is q(-3)?
-38
Let r(y) = y**3 + 2*y**2 + 7*y + 11. What is r(-3)?
-19
Let l(c) = -3*c - 18. What is l(-6)?
0
Let y(z) = 13*z + 153. Give y(-14).
-29
Let a(c) = -c**3 - 20*c**2 + 19*c - 29. What is a(-21)?
13
Let s(w) = w. Calculate s(-2).
-2
Let n(v) = -v**2 - 2*v + 5. What is n(-4)?
-3
Let d(g) = -3*g - 4. Calculate d(-2).
2
Let z(f) = 26*f - 24. Calculate z(2).
28
Let k(z) = z**3 - 10*z. Give k(-3).
3
Let v(i) = 2*i**2 + 15*i - 1. Give v(-9).
26
Let x(z) = 89*z - 444. Determine x(5).
1
Let c(x) = -x**2 + 47*x - 92. Calculate c(45).
-2
Let w(g) = -g**2 + 9*g - 4. Give w(4).
16
Let m(d) = -6*d**3 + 3*d**2 - 4*d - 2. Give m(2).
-46
Let r(g) = g**3 + 7*g**2 - 14*g - 11. Give r(-8).
37
Let k(w) = -w**3 + 13*w**2 - 13*w - 7. What is k(12)?
-19
Let n(g) = g**2 - 15*g + 7. Calculate n(14).
-7
Let l(w) = 4*w + 1. Calculate l(9).
37
Let p(k) = -k + 7. What is p(9)?
-2
Let v(p) = -p**2 + 9*p - 10. What is v(11)?
-32
Let w(x) = 13*x - 273. Give w(21).
0
Let b(y) = y**3 + 5*y**2 + 3*y + 6. Determine b(-5).
-9
Let w(g) = g**3 + 6*g**2 - 42*g - 22. Calculate w(-10).
-2
Let m(k) = 2*k - 21. Give m(11).
1
Let z(n) = -4*n + 54. Determine z(12).
6
Let o(a) = -a**2 - 17*a + 18. Determine o(-19).
-20
Let j(p) = p**3 + 6*p**2 + 2*p - 3. What is j(-5)?
12
Let n(v) = -3*v**2 - 83*v + 40. Determine n(-28).
12
Let r(w) = -w**2 + 35*w + 169. What is r(38)?
55
Let o(g) = -12*g + 16. Give o(13).
-140
Let y(p) = 4*p**2 + 2*p - 3. What is y(2)?
17
Let o(s) = -3*s**2 + 3*s + 1. Give o(3).
-17
Let o(x) = x**3 + 5*x**2 - 7*x - 1. What is o(-6)?
5
Let r(n) = n**2 + 5*n + 23. Give r(-12).
107
Let o(x) = -x**2 - 2*x - 5. Determine o(-3).
-8
Let x(v) = -8*v + 2. Calculate x(-2).
18
Let r(j) = -2*j**3 + 10*j**2 + 6*j + 14. Calculate r(6).
-22
Let c(y) = y**3 + 12*y**2 + 15*y + 41. Determine c(-11).
-3
Let y(b) = -2*b**3 - 10*b**2 + 4*b - 14. Calculate y(-6).
34
Let y(f) = f - 8. Give y(3).
-5
Let m(t) = -12*t - 112. Calculate m(-10).
8
Let l(z) = -z**2 + 9*z - 8. Determine l(5).
12
Let j(f) = -f**2 - 11*f - 10. Determine j(-9).
8
Let o(x) = x**2 - 15*x + 12. Give o(11).
-32
Let i(w) = -w**3 + 9*w**2 - 4*w + 1. Determine i(8).
33
Let t(r) = r - 4. Calculate t(10).
6
Let h(r) = r**2 - 30*r + 40. Calculate h(26).
-64
Let i(g) = 9*g - 183. Give i(19).
-12
Let m(h) = h**3 - 11*h**2 + 4*h + 6. Calculate m(11).
50
Let q(b) = b**3 + 2*b**2 - 4*b - 1. Give q(-6).
-121
Let s(q) = 97*q - 293. Calculate s(3).
-2
Let t(c) = c**3 + 21*c**2 + 103*c - 6. Calculate t(-8).
2
Let y(h) = h**3 + 7*h**2 + 3*h + 12. Give y(-7).
-9
Let x(l) = -l + 15. Give x(14).
1
Let a(o) = -28*o + 51. What is a(2)?
-5
Let v(z) = -6*z**2 - 2*z - 1. What is v(-3)?
-49
Let w(b) = -b**3 - 6*b**2 - 5*b + 9. Calculate w(-4).
-3
Let g(t) = -3*t**3 + 2*t + 1. What is g(-1)?
2
Let a(m) = -12*m**2 - m + 1. What is a(1)?
-12
Let k(d) = -3*d**3 + 3*d**2 + 4*d + 1. Calculate k(-1).
3
Let x(r) = -2*r**3 - 15*r**2 + 28*r + 1. What is x(-9)?
-8
Let f(a) = -12*a**2 + a + 1. Give f(1).
-10
Let o(g) = -g**3 + 13*g**2 + 2*g + 16. Calculate o(13).
42
Let v(k) = -k**3 + k**2 + 2*k + 2. What is v(3)?
-10
Let l(u) = 2*u**3 + 4*u**2 + 2*u - 2. Give l(-2).
-6
Let u(c) = -c**2 - 2*c - 3. What is u(-4)?
-11
Let t(a) = 5*a**2 - 10*a + 2. Determine t(2).
2
Let p(z) = 50*z - 360. Determine p(7).
-10
Let p(x) = x**3 - 14*x**2 + 32*x + 12. Calculate p(11).
1
Let h(b) = -2*b**3 - 2*b**2 - 4*b - 3. Calculate h(-3).
45
Let n(a) = a**2 - 14*a + 46. What is n(7)?
-3
Let a(o) = -5*o + 11. Give a(4).
-9
Let m(d) = 17*d**3 - d**2 - 3*d + 3. Determine m(1).
16
Let y(s) = -s + 24. What is y(19)?
5
Let m(a) = -2*a**2 - 3*a + 3. Determine m(-3).
-6
Let k(f) = -3*f + 15. Determine k(6).
-3
Let k(a) = -a**2 + 4*a - 3. Determine k(5).
-8
Let l(i) = 2*i**2 + 6*i - 1. Give l(-2).
-5
Let n(s) = -2*s**2 + 121*s - 65. What is n(60)?
-5
Let z(h) = -h**3 + 8*h**2 + h + 14. What is z(9)?
-58
Let l(x) = -6*x + 2. Determine l(-9).
56
Let x(n) = -3*n**2 - 5*n + 4. What is x(-4)?
-24
Let x(u) = -2*u**2 - 23*u - 9. Determine x(-11).
2
Let f(c) = -6*c**3 + c**2 - 10*c - 10. Determine f(-1).
7
Let t(r) = -2*r**2 + 12. Calculate t(-3).
-6
Let n(s) = -5*s - 32. Calculate n(-7).
3
Let b(v) = v**2 + 13*v + 28. Give b(-12).
16
Let h(d) = -d**2 - 9*d + 22. Give h(-12).
-14
Let v(c) = c**3 - 20*c**2 - 42*c - 31. Determine v(22).
13
Let o(h) = -h**3 + 17*h**2 - 17*h + 1. Calculate o(16).
-15
Let m(s) = s**2 - 11*s +